actor of 96 and p?
6
Let a(z) be the second derivative of z**4/12 - 10*z**3/3 + 91*z**2/2 - z + 29. Let j be a(5). Calculate the greatest common factor of j and 272.
16
Let b = -65 - -67. Let j = 10 - 8. Suppose -140 = -4*s + j*s - a, b*s - 132 = a. What is the greatest common divisor of s and 17?
17
Let i(b) = 10*b**2 + 268*b + 214. Let o be i(-28). What is the greatest common factor of o and 1870?
110
Suppose 3*z + 2*h - 13 = 6*h, -z + 5 = -2*h. Let n = 5 - z. Suppose a - 20 = n. What is the greatest common divisor of a and 33?
11
Let y be (1/(-3))/(4/(-516)). Suppose 5*w + 41 = 4*z - 2*z, 0 = -z - 5*w + y. Calculate the highest common factor of 224 and z.
28
Let j(h) = -8*h**3 - 13*h**2 - 11*h - 13. Let n be j(-6). What is the highest common divisor of n and 505?
101
Let m be (-226)/(-8) - 3/12. Suppose 3*f = f + m. Suppose 0 = 158*t - 386*t + 35112. What is the greatest common factor of t and f?
14
Let o(c) = -20*c - 38. Let p be o(-21). Let t = 643 - p. Calculate the highest common factor of 29 and t.
29
Suppose -2*c + 3*c = 360. Suppose -4*k + 0 = -4*j + 4, 4*k = 3*j + 2. What is the greatest common factor of c and j?
6
Suppose -y + 206 = 2*g, -22*y - 5*g + 815 = -18*y. What is the highest common factor of 1440 and y?
40
Let j(r) be the third derivative of -r**6/120 - 2*r**5/15 + 5*r**4/8 + 6*r**3 - 172*r**2. Let o be j(-11). What is the highest common divisor of 104 and o?
26
Suppose -4*q - 5*w - 72 = 33, -5*q - 5*w - 125 = 0. Let p = q + 46. Suppose -903*i = -2358*i + 75660. What is the highest common divisor of p and i?
26
Suppose -22*r + 256 = -18*r. Calculate the greatest common factor of 2528 and r.
32
Suppose 642181 = 443*i - 948632. What is the greatest common divisor of i and 441?
63
Suppose 3*j = -5*s + 26, -5*j + 6*s - 7*s = -14. Suppose -3540 = -4*r - d, -j*r + 875 = -3*d - 881. Calculate the highest common factor of r and 26.
26
Let z(u) = -11*u + 1. Let a be z(-7). Let j = -7819 + 7858. What is the greatest common divisor of a and j?
39
Let o be ((-31986)/(-99) - -7) + 2/(-88)*4. Calculate the highest common divisor of 41250 and o.
330
Let o(h) = -119*h - 301. Let g be o(-4). Suppose 5*n - 10 = 0, -3*k = 4*n + n - 235. What is the highest common divisor of k and g?
25
Let r = -32 + 151. Let l(o) = 2*o**2 - 178*o + 1474. Let h be l(80). What is the highest common factor of r and h?
17
Suppose 0 = 4*c - 18*c + 98. Suppose -c*z - 2 = -128. Calculate the highest common factor of z and 126.
18
Let r = 3879 + -3171. Calculate the highest common factor of r and 48.
12
Let k be 2/(-4) + (-1)/((-4)/1090). Let h = k + -135. Suppose h*w - 136*w = 2. Calculate the greatest common divisor of 4 and w.
2
Let i be (1/3)/((-14)/168)*3159/(-156). What is the highest common factor of 2061 and i?
9
Suppose -136 = 65*z - 67*z + 4*n, 2*z + n = 176. What is the highest common factor of 3252 and z?
12
Suppose 590 = 4*k + 182. Let m(v) = v**2 - 22*v + 3. Let x be m(22). Suppose 141 + 63 = x*j. Calculate the greatest common factor of k and j.
34
Let v(j) = 182*j + 2668. Let z be v(84). Calculate the highest common factor of z and 268.
268
Suppose 151 - 263 + 22 = -3*p. What is the greatest common factor of p and 1410?
30
Suppose 5*m - 2*m - 843 = 3*c, -1389 = -5*m - 3*c. Calculate the highest common divisor of 180 and m.
9
Let b = -16414 + 16732. What is the greatest common factor of 108 and b?
6
Let k = 271 + -244. Let x be -3 + 3020/18 - (-6)/k. Calculate the highest common factor of x and 66.
33
Let b = 6199 - 6135. What is the greatest common factor of b and 376?
8
Let v(g) = g + 13. Let o be ((-15)/(-4))/(7/(-28)). Let f be v(o). Let a(n) = n + 9. Let s be a(f). Calculate the highest common divisor of s and 7.
7
Let s be (-205579)/(-88) + (-1)/8. What is the greatest common divisor of s and 73?
73
Let h be -8*((-4)/28)/((-4)/(-14)). Suppose -73 = h*u + 131. Let b be (2 - u/(-6))*-28. Calculate the greatest common divisor of 14 and b.
14
Suppose -5*x - n - 10 = -31, 0 = 5*x + 3*n - 33. Calculate the greatest common factor of 47 and x.
1
Suppose 0 = -1609*z + 1605*z + 2736. What is the greatest common factor of 60 and z?
12
Suppose -279 = -3*b + 3*f, -2*b + 201 = 87*f - 86*f. What is the greatest common divisor of b and 224?
14
Let p(i) = -63*i + 84. Let g be p(-15). What is the highest common factor of g and 441?
147
Let c(r) = -r**3 + 42*r**2 - 18*r - 103. Let l be c(41). Calculate the highest common factor of 360 and l.
120
Let t(h) = -9*h**2 - 550*h + 121. Let p be t(-61). Calculate the highest common factor of p and 1157.
13
Let m be 3*47*100/60. Calculate the greatest common divisor of m and 1363.
47
Let n(j) = 26*j + 742. Let q be n(-27). What is the greatest common divisor of 436 and q?
4
Suppose 34*a - 95 = 41. Let p(f) = -12*f - 8. Let j be p(-6). Let v = j - 36. What is the greatest common factor of a and v?
4
Suppose -9*p = -3*v - 378, p + 15 = 4*v - 9. Let b(d) = 48*d**2 - 7*d + 4. Let j be b(4). What is the greatest common factor of p and j?
24
Let c be (-2)/(-19) + -2*558/(-228). Let s(u) = 14*u**2 - 21*u - 5. Let f be s(c). Calculate the greatest common factor of 32 and f.
16
Let r = -1511 + 1852. What is the greatest common factor of r and 651?
31
Let g be -8 - (-1)/(12/28980). Calculate the greatest common divisor of g and 58.
29
Let g be 18/(-30) + 0 + 34344/40. Calculate the highest common factor of 117 and g.
39
Suppose 10*i = 91 - 21. Let g be -1 + 1 - (-4 - i). What is the highest common divisor of g and 33?
11
Suppose 5*w - 2*p - 5104 = 0, 15 = 17*p - 12*p. Suppose -14*k + 154 = -3*k. What is the highest common divisor of k and w?
14
Let p(w) = w**2 + 7*w - 308. Let c be p(-29). What is the highest common divisor of c and 390?
30
Let v(l) = -922*l - 16558. Let y be v(-18). Let i = 238 - -9. What is the greatest common divisor of i and y?
19
Let p = 54 - 51. Let f be -2*(3 + 17 - p)*-1. Suppose -3*n + 4 = -2. Calculate the highest common divisor of n and f.
2
Let d(m) = m**3 + 30*m**2 + 177*m - 22. Let q be d(-10). What is the highest common divisor of q and 96?
16
Let w be 15 - (-1 + 9 + (-43)/((-860)/(-240))). Calculate the highest common factor of 8341 and w.
19
Let n be ((-26181)/(-18) + 5)*24/7. What is the greatest common factor of n and 36?
36
Let c be (105/13 - 8) + (-1 - 229782/(-78)). What is the greatest common factor of 10 and c?
5
Let y be 494/(-18) + (12 - 208/18). Let o = -9 - y. What is the highest common factor of 90 and o?
18
Let j(w) = w**2 + 6*w + 2. Let u be 8/(-2) + -1 + -2. Let l be j(u). Let c = -19656 + 19737. What is the greatest common factor of l and c?
9
Let p be 36072/56 + (-14)/98. What is the greatest common divisor of 924 and p?
28
Let y(w) = 3*w**3 + 65*w**2 + 77*w + 284. Let u be y(-20). What is the highest common divisor of u and 1272?
24
Suppose -218*u + 50*u = 8*u - 4576. Let a(q) = 6*q**2 - 6*q - 3. Let s be a(5). What is the greatest common factor of u and s?
13
Suppose -5*d + 243 = -3*u, -23*d + 1165 = u - 3*u. What is the highest common factor of 3961 and d?
17
Suppose 12*n + 378 = -9*n. Let r be (-6)/n + (-320)/(-12). What is the greatest common divisor of 45 and r?
9
Let h(w) = 2*w**3 - 69*w**2 + 35*w + 82. Let y be h(34). Calculate the highest common divisor of 203 and y.
29
Suppose 0 = -4*a + i + 7439, 144*i - 148*i + 4 = 0. What is the highest common factor of 480 and a?
60
Let w = 174 - 172. Suppose 5*l + 368 = 2*s + 3*l, -w*s + 366 = -l. What is the highest common divisor of s and 52?
26
Let p = -440 + 486. Suppose 0 = 7*v - 29*v + 1518. What is the greatest common divisor of p and v?
23
Suppose 64 = -62*r + 622. What is the greatest common factor of r and 1251?
9
Let f = -44 - -51. Suppose -80 = 3*g - f*g. Suppose v + 3*y = -v + g, 5*y - 10 = 0. What is the highest common factor of 21 and v?
7
Let f be (10*41 - 2)*(-1)/(-3). Let n = -112 + f. What is the greatest common divisor of n and 152?
8
Suppose 20 = 4*s - 0*s. Suppose 6*m = s*m + 122. Let b be (-1)/4 + m*(-2)/(-16). Calculate the greatest common factor of 15 and b.
15
Let g be 4/14 + (-10)/60 + (-319852)/(-168). What is the highest common divisor of g and 8?
8
Suppose -2*z - 258 = -4*m, 293 = -m + 5*m + 5*z. Let j = 14854 + -14653. Calculate the highest common factor of j and m.
67
Let d = 4302 - 2020. What is th